hat is f(244)?
-8
Let b(y) = -y**3 + 3*y**2 + 91*y + 92. Give b(13).
-415
Let t(j) = -2455*j - 223410. Determine t(-91).
-5
Let y(d) = d**3 - 121*d**2 + 2725*d + 209. Give y(30).
59
Let y(t) = -t**3 - 585*t**2 + 78070*t - 666. Determine y(112).
6
Let d(p) = -49*p**2 + 352*p + 2088. Calculate d(11).
31
Let a(g) = 295*g - 2496. What is a(7)?
-431
Let w(y) = 20*y - 5617. Determine w(102).
-3577
Let z(a) = 2*a**3 - 204*a**2 + 623*a + 15769. What is z(98)?
-9
Let f(i) = -i**3 - 63*i**2 + 195*i - 337. Calculate f(-66).
-139
Let d(b) = 1190*b - 38761. What is d(33)?
509
Let u(q) = -3*q**3 + 151*q**2 - 1233*q + 231. Calculate u(10).
1
Let l(k) = -235*k + 3248. What is l(14)?
-42
Let c(j) = 445*j + 117959. Give c(-265).
34
Let o(r) = r**3 - 117*r**2 + 788*r + 454. Determine o(110).
2434
Let f(n) = -3*n**2 + 117*n + 7876. Calculate f(-36).
-224
Let h(a) = -90569*a + 90574. Determine h(1).
5
Let l(v) = -55*v**2 + 545*v - 370. Calculate l(10).
-420
Let q(u) = 2*u**3 - 72*u**2 - 53*u + 185. Give q(-2).
-13
Let q(p) = 66196*p - 132398. Give q(2).
-6
Let a(l) = 113*l**2 - 109*l + 297. Give a(4).
1669
Let r(x) = x**2 - 1782*x - 160670. Determine r(-86).
-22
Let p(c) = -56297*c - 112527. What is p(-2)?
67
Let i(y) = -121*y + 14453. Determine i(104).
1869
Let f(y) = 158*y - 4936. What is f(35)?
594
Let n(h) = 17*h**3 - 367*h**2 - 138*h + 3. Calculate n(22).
355
Let m(r) = -39*r**2 + 2122*r - 2897. Give m(53).
18
Let m(l) = 6*l**3 - 31*l**2 - 130*l - 35. Give m(8).
13
Let s(j) = 40*j**2 + 101*j - 50. Give s(2).
312
Let d(x) = -540*x + 35112. Determine d(65).
12
Let i(a) = 54240*a + 55596005. Determine i(-1025).
5
Let k(w) = w**2 - 230*w + 13217. Give k(119).
8
Let j(c) = -13*c**3 + 6*c**2 + 28*c - 135. What is j(5)?
-1470
Let n(i) = 230*i**2 - 21*i - 7. Determine n(-3).
2126
Let k(p) = -21786*p**2 + 87131*p + 55. Calculate k(4).
3
Let r(h) = h**3 - 14*h**2 - 336*h - 578. Give r(27).
-173
Let k(o) = 31*o**2 + 16030*o + 1543. Calculate k(-517).
-8
Let f(q) = -5*q**2 + 2317*q + 29989. What is f(-13)?
-977
Let m(t) = -t**3 + 15*t**2 - 44810*t + 89582. Calculate m(2).
14
Let v(q) = -50*q**2 + 1793*q + 16. Determine v(0).
16
Let j(m) = 112775*m - 338333. Give j(3).
-8
Let t(g) = -81*g**2 - 19027*g + 1572. Give t(-235).
-308
Let o(q) = 145*q**2 - 6210*q + 24822. Give o(4).
2302
Let v(n) = -n**3 - 24*n**2 + 313*n - 91. Give v(-32).
-1915
Let v(w) = -2459*w + 11487. Calculate v(7).
-5726
Let p(z) = -41*z**2 + 463*z - 158. Calculate p(11).
-26
Let r(n) = -40*n**3 - 173*n**2 + 173*n. Determine r(1).
-40
Let n(v) = -v**3 + 81*v**2 + v - 57. Determine n(81).
24
Let u(t) = 2*t**3 + 98*t**2 - 795*t - 46226. Give u(-47).
-25
Let n(c) = -2*c**3 + 27*c**2 + 724*c - 10166. Give n(15).
19
Let u(m) = 1851*m + 9951. What is u(-6)?
-1155
Let z(g) = 235*g - 20923. What is z(89)?
-8
Let p(o) = -4*o**2 + 740*o + 34933. Give p(-39).
-11
Let v(a) = 7028*a**2 - 98393*a + 20. Calculate v(14).
6
Let k(x) = 15*x**3 - 57*x**2 - 10*x + 27. Determine k(4).
35
Let n(x) = -2*x**2 - 34*x + 308. What is n(-26)?
-160
Let m(y) = -y**3 - 211*y**2 + 531*y + 325. Give m(3).
-8
Let d(k) = 15*k**3 - 55*k**2 + 144*k - 177. Determine d(2).
11
Let l(p) = p**3 - 6*p**2 - 35*p + 99. Calculate l(-6).
-123
Let x(h) = 3*h**2 + 329068*h - 1316259. What is x(4)?
61
Let m(u) = -u**2 + 56624*u + 29. Calculate m(0).
29
Let q(d) = -337*d**2 - 149*d - 288. Determine q(-2).
-1338
Let n(j) = 164*j**2 - 244*j - 245. Calculate n(-1).
163
Let s(z) = 26*z**2 - 789*z - 119. Determine s(32).
1257
Let b(h) = -4*h**2 - 275*h - 2320. Calculate b(-56).
536
Let x(a) = 4272*a + 30369. What is x(-7)?
465
Let d(t) = -144361*t - 5052660. Calculate d(-35).
-25
Let n(s) = -9394*s + 112747. Determine n(12).
19
Let b(s) = s**3 + 3*s**2 - 416*s - 2065. Determine b(-5).
-35
Let n(w) = -1589*w + 39862. What is n(25)?
137
Let o(x) = 1000*x - 41774. Determine o(42).
226
Let c(i) = -i**2 + 100*i - 759. Determine c(61).
1620
Let w(y) = 2*y**3 - 4266*y**2 + 97081*y - 44304. Calculate w(2110).
6
Let s(h) = 4*h**3 - 112*h**2 + 5795*h - 145259. Give s(26).
3
Let x(t) = -2*t**2 - 623*t + 671. Determine x(-313).
-268
Let c(d) = 99*d**3 + 33*d**2 + 92*d - 11. Give c(-3).
-2663
Let u(h) = 50*h**2 + 344*h - 3034. Determine u(-12).
38
Let m(c) = -103*c**2 + 148*c - 310. Determine m(2).
-426
Let x(c) = -38256*c - 13007043. What is x(-340)?
-3
Let v(g) = 3*g**2 - 159*g - 30660. Give v(-78).
-6
Let z(d) = -17746*d - 2715152. Give z(-153).
-14
Let b(f) = 513002*f - 1026000. Give b(2).
4
Let c(u) = 61*u - 1297. Determine c(16).
-321
Let x(o) = 28*o + 2927. What is x(-99)?
155
Let d(w) = -2*w**3 + 10*w**2 + 183*w + 61. Give d(-12).
2761
Let l(b) = 813*b - 7308. Calculate l(9).
9
Let h(g) = g**3 - 8*g**2 - 213*g + 1367. Determine h(7).
-173
Let d(l) = l**2 + 2385*l + 19002. Determine d(-8).
-14
Let g(c) = -7*c**3 - 37*c**2 - 161883*c - 809364. Give g(-5).
1
Let f(c) = -452*c**2 - 15371*c - 60. Calculate f(-34).
42
Let r(o) = 5*o**2 - 2758*o + 16461. What is r(6)?
93
Let h(v) = -2*v**2 + 12*v - 9. Determine h(2).
7
Let s(r) = 6105*r - 97549. Give s(16).
131
Let u(i) = 5*i**2 - 2760*i - 124787. What is u(594)?
-47
Let a(f) = -f**3 + 84*f**2 - 95*f + 615. Determine a(83).
-381
Let n(u) = 141*u - 5270. Give n(37).
-53
Let v(h) = -74333*h + 2081297. Determine v(28).
-27
Let f(l) = 39049*l - 195304. Determine f(5).
-59
Let c(h) = h**3 - 225*h**2 - 990*h + 16744. What is c(229)?
-202
Let l(r) = 33*r**3 - 507*r**2 - 326*r - 4. Calculate l(16).
156
Let w(g) = 3*g**2 - 5610*g - 11219. Determine w(-2).
13
Let t(p) = -23*p - 884. Give t(-58).
450
Let i(n) = 18*n**3 + 144*n**2 + 328*n + 663. Calculate i(-6).
-9
Let u(c) = 1425*c + 5536. Give u(-4).
-164
Let m(y) = y**2 - 97484*y + 779816. Calculate m(8).
8
Let w(b) = -20*b**2 - 742*b - 3196. What is w(-5)?
14
Let l(r) = -6173*r + 37403. Determine l(6).
365
Let g(f) = f**3 + 59*f**2 + 154*f + 5568. Determine g(-58).
0
Let q(v) = 4*v**3 - 874*v**2 - 409*v - 6132. Give q(219).
219
Let t(m) = -944*m + 26422. Determine t(28).
-10
Let j(p) = -4400*p + 369615. Give j(84).
15
Let w(p) = p**3 - 51*p**2 + 10*p + 7133. Calculate w(14).
21
Let s(w) = w**3 - 598*w**2 - 18861*w - 623. Calculate s(-30).
7
Let w(b) = -67*b**2 - 2952*b + 2790. Determine w(-45).
-45
Let q(s) = -s**3 + 110*s**2 - 627*s + 6. Calculate q(6).
-12
Let k(z) = -7086*z - 13886. What is k(-2)?
286
Let j(b) = 8*b**2 - 393*b - 3095. Calculate j(56).
-15
Let o(i) = -376*i + 6019. Give o(16).
3
Let y(h) = 37839*h + 378394. Calculate y(-10).
4
Let g(f) = -1227*f**2 - 377920*f - 1244. Give g(-308).
-12
Let q(k) = -287*k**2 - 12*k - 30. Determine q(-2).
-1154
Let o(r) = -2*r**3 - 427*r**2 - 11005*r - 36. Give o(-30).
-186
Let y(u) = u**2 + 261*u - 682. What is y(-263)?
-156
Let m(d) = -d**3 + 10*d**2 - 923*d + 7250. Give m(8).
-6
Let u(r) = 8*r**2 + 664*r + 4741. Calculate u(-8).
-59
Let y(n) = -16253*n - 2031734. Determine y(-125).
-109
Let b(a) = 4518*a + 248482. Give b(-55).
-8
Let t(m) = 97*m + 3176. Determine t(-24).
848
Let v(t) = t**3 + 56*t**2 - 679*t - 231. Determine v(-66).
1023
Let f(z) = -3*z**2 - 1922*z - 17284. Calculate f(-9).
-229
Let i(l) = -l**2 + 72*l - 5620. What is i(64)?
-5108
Let n(j) = -24862*j - 1218161. What is n(-49)?
77
Let m(g) = g**2 - 179*g - 1257. Calculate m(181).
-895
Let b(m) = m**3 + 18*m**2 - 1359*m + 130. Give b(-47).
-58
Let o(j) = 157484*j + 1102399. What is o(-7)?
11
Let a(s) = 22*s**3 + 6085*s**2 + 3589*s + 263. Give a(-276).
-13
Let x(p) = 22971*p - 528331. Give x(23).
2
Let s(x) = x**3 + 49*x**2 - 222*x + 579. Give s(-55).
-5361
Let s(u) = u**3 - 32*u**2 + 152*u - 192. Give s(3).
3
Let h(q) = -q**3 + 82*q**2 + 1698*q - 1509. Determine h(99).
-24
Let c(b) = -b**3 + 1417*b**2 + 7107*b - 5. Calculate c(-5).
10
Let m(f) = f**3 - 70*f**2 + 1142*f - 887. Give m(45).
-122
Let c(w) = w**2 - 153*w + 3850. What is c(111)?
-812
Let g(n) = -1430*n**2 + 5784*n + 5785. Calculate g(-1).
-1429
Let v(m) = -228*m - 1293. Calculate v(-6).
75
Let m(t) = -2037*t + 46844. What is m(23)?
-7
Let f(a) = -1930*a - 22256. What is f(-11)?
-1026
Let r(k) = 9966*k - 20023. Give r(2).
-91
Let g(u) = 38*u**2 - 1024*u + 2003. Calculate g(2).
107
Let a(l) = -86*l**2 - 197*l + 579. What is a(-4)?
-9
Let z(u) = 110*u + 6553. Give z(-64).
-487
Let r(j) = -629*j - 299